{"id":197,"date":"2018-01-20T19:54:33","date_gmt":"2018-01-20T18:54:33","guid":{"rendered":"http:\/\/beta.disco-uwe.de\/site\/?page_id=197"},"modified":"2018-10-03T13:01:04","modified_gmt":"2018-10-03T11:01:04","slug":"impressum","status":"publish","type":"page","link":"https:\/\/disco-uwe.de\/site\/impressum\/","title":{"rendered":"Impressum"},"content":{"rendered":"<div class=\"row\">\n<div class=\"col-sm-4 col-sm-offset-\">\n<p>Uwe Uhlig \u2013 Einzelunternehmen<br \/>\nTalstrasse 25<br \/>\nD-09337 Hohenstein-Ernstthal<\/p>\n<\/div>\n<div class=\"col-sm-4 col-sm-offset-\">\n<p>Telefon: 03723 43318<br \/>\nMobil: 0162 2734316<br \/>\neMail: [email-obfuscate email=&#8220;dj@disco-uwe.de?subject=Homepage-Kontakt&#8220; link_title=&#8220;dj@disco-uwe.de&#8220;]<\/p>\n<\/div>\n<div class=\"col-sm-4 col-sm-offset-\">\n<p>Finanzamt: Hohenstein-Ernstthal<br \/>\nSteuer-Nr.: 221 \/ 283 \/ 03026<br \/>\nInhaltlich Verantwortlicher gem\u00e4\u00df \u00a7 6 MDStV: Uwe Uhlig<\/p>\n<\/div>\n<\/div>\n<p><strong>Urheberrechtshinweise<\/strong><\/p>\n<p>Die Inhalte und Programme dieser Website sind durch uns urheberrechtlich gesch\u00fctzt. Alle Rechte daran behalten wir uns vor. Teile dieser Website k\u00f6nnen Bilder, Texte oder Sounds beinhalten, die dem Urheberrecht Dritter unterliegen. Die Urheberrechtshinweise in diesen F\u00e4llen sind an entsprechenden Stellen vermerkt. Sollten entsprechende Hinweise fehlen, bitten wir um Benachrichtigung, um eine Nachbesserung zu verlassen. Informationen auf dieser Website, einschlie\u00dflich Texten, Bildern und Sound, d\u00fcrfen nicht, sofern nicht ausdr\u00fccklich anders bestimmt, vervielf\u00e4ltigt, transferiert, vertrieben oder gespeichert werden ohne schriftliche Genehmigung des Herausgebers. Modifikationen des Inhalts dieser Website sind ausdr\u00fccklich untersagt.<\/p>\n<p><strong>Hinweise zu externen Links<\/strong><\/p>\n<p>Trotz sorgf\u00e4ltiger inhaltlicher Kontrolle \u00fcbernehmen wir keine Haftung f\u00fcr die Inhalte externer Webseiten, auf die durch einen Link verwiesen wird. F\u00fcr den Inhalt dieser externen Seiten sind ausschlie\u00dflich deren Betreiber verantwortlich. Gleiches gilt auch f\u00fcr die Aktualit\u00e4t der eingebrachten Links.<\/p>\n<p><strong>Haftungsausschluss<\/strong><\/p>\n<p>Die Informationen auf dieser Website verstehen sich als &#8222;Aussagen an sich&#8220; ohne implizite Garantien jedweder Art. Die bereitgestellten Informationen auf dieser Website wurden sorgf\u00e4ltig gepr\u00fcft und werden regelm\u00e4\u00dfig aktualisiert. Jedoch kann keine Garantie daf\u00fcr \u00fcbernommen werden, dass alle Angaben zu jeder Zeit vollst\u00e4ndig, richtig und in letzter Aktualit\u00e4t dargestellt sind. Alle Angaben k\u00f6nnen ohne vorherige Ank\u00fcndigung erg\u00e4nzt, entfernt oder ge\u00e4ndert werden.<\/p>\n<p><center><br \/>\nDesweiteren gelten die Bedingungen des Disclaimer:<br \/>\n<iframe loading=\"lazy\" id=\"Disclaimer\" src=\"http:\/\/www.disclaimer.de\/disclaimer.htm?farbe=FFFFFF\/680000\/680000\/680000\" name=\"Disclaimer\" width=\"600\" height=\"420\" frameborder=\"0\"><\/iframe><\/center><\/p>\n","protected":false},"excerpt":{"rendered":"<p>Urheberrechtshinweise Die Inhalte und Programme dieser Website sind durch uns urheberrechtlich gesch\u00fctzt. Alle Rechte daran behalten wir uns vor. Teile dieser Website k\u00f6nnen Bilder, Texte oder Sounds beinhalten, die dem Urheberrecht Dritter unterliegen. Die Urheberrechtshinweise in diesen F\u00e4llen sind an entsprechenden Stellen vermerkt. Sollten entsprechende Hinweise fehlen, bitten wir um Benachrichtigung, um eine Nachbesserung zu &#8230; <a href=\"https:\/\/disco-uwe.de\/site\/impressum\/\">Read More &raquo;<\/a><\/p>\n","protected":false},"author":2,"featured_media":0,"parent":0,"menu_order":0,"comment_status":"closed","ping_status":"closed","template":"","meta":{"footnotes":""},"class_list":["post-197","page","type-page","status-publish","hentry"],"yoast_head":"<!-- This site is optimized with the Yoast SEO plugin v27.4 - https:\/\/yoast.com\/product\/yoast-seo-wordpress\/ -->\n<title>Impressum - Disco Uwe<\/title>\n<meta name=\"robots\" content=\"index, follow, max-snippet:-1, max-image-preview:large, max-video-preview:-1\" \/>\n<link rel=\"canonical\" href=\"https:\/\/disco-uwe.de\/site\/impressum\/\" \/>\n<meta property=\"og:locale\" content=\"de_DE\" \/>\n<meta property=\"og:type\" content=\"article\" \/>\n<meta property=\"og:title\" content=\"Impressum - Disco Uwe\" \/>\n<meta property=\"og:description\" content=\"Urheberrechtshinweise Die Inhalte und Programme dieser Website sind durch uns urheberrechtlich gesch\u00fctzt. Alle Rechte daran behalten wir uns vor. Teile dieser Website k\u00f6nnen Bilder, Texte oder Sounds beinhalten, die dem Urheberrecht Dritter unterliegen. Die Urheberrechtshinweise in diesen F\u00e4llen sind an entsprechenden Stellen vermerkt. Sollten entsprechende Hinweise fehlen, bitten wir um Benachrichtigung, um eine Nachbesserung zu ... Read More &raquo;\" \/>\n<meta property=\"og:url\" content=\"https:\/\/disco-uwe.de\/site\/impressum\/\" \/>\n<meta property=\"og:site_name\" content=\"Disco Uwe\" \/>\n<meta property=\"article:modified_time\" content=\"2018-10-03T11:01:04+00:00\" \/>\n<meta name=\"twitter:card\" content=\"summary_large_image\" \/>\n<meta name=\"twitter:label1\" content=\"Gesch\u00e4tzte Lesezeit\" \/>\n\t<meta name=\"twitter:data1\" content=\"1\u00a0Minute\" \/>\n<script type=\"application\/ld+json\" class=\"yoast-schema-graph\">{\"@context\":\"https:\\\/\\\/schema.org\",\"@graph\":[{\"@type\":\"WebPage\",\"@id\":\"https:\\\/\\\/disco-uwe.de\\\/site\\\/impressum\\\/\",\"url\":\"https:\\\/\\\/disco-uwe.de\\\/site\\\/impressum\\\/\",\"name\":\"Impressum - Disco Uwe\",\"isPartOf\":{\"@id\":\"https:\\\/\\\/disco-uwe.de\\\/site\\\/#website\"},\"datePublished\":\"2018-01-20T18:54:33+00:00\",\"dateModified\":\"2018-10-03T11:01:04+00:00\",\"breadcrumb\":{\"@id\":\"https:\\\/\\\/disco-uwe.de\\\/site\\\/impressum\\\/#breadcrumb\"},\"inLanguage\":\"de\",\"potentialAction\":[{\"@type\":\"ReadAction\",\"target\":[\"https:\\\/\\\/disco-uwe.de\\\/site\\\/impressum\\\/\"]}]},{\"@type\":\"BreadcrumbList\",\"@id\":\"https:\\\/\\\/disco-uwe.de\\\/site\\\/impressum\\\/#breadcrumb\",\"itemListElement\":[{\"@type\":\"ListItem\",\"position\":1,\"name\":\"Startseite\",\"item\":\"https:\\\/\\\/disco-uwe.de\\\/site\\\/\"},{\"@type\":\"ListItem\",\"position\":2,\"name\":\"Impressum\"}]},{\"@type\":\"WebSite\",\"@id\":\"https:\\\/\\\/disco-uwe.de\\\/site\\\/#website\",\"url\":\"https:\\\/\\\/disco-uwe.de\\\/site\\\/\",\"name\":\"Disco Uwe\",\"description\":\"Der Party-DJ f\u00fcr Ihr Event!\",\"publisher\":{\"@id\":\"https:\\\/\\\/disco-uwe.de\\\/site\\\/#\\\/schema\\\/person\\\/233d95ef4c9d160d89688eea81ecf1c2\"},\"potentialAction\":[{\"@type\":\"SearchAction\",\"target\":{\"@type\":\"EntryPoint\",\"urlTemplate\":\"https:\\\/\\\/disco-uwe.de\\\/site\\\/?s={search_term_string}\"},\"query-input\":{\"@type\":\"PropertyValueSpecification\",\"valueRequired\":true,\"valueName\":\"search_term_string\"}}],\"inLanguage\":\"de\"},{\"@type\":[\"Person\",\"Organization\"],\"@id\":\"https:\\\/\\\/disco-uwe.de\\\/site\\\/#\\\/schema\\\/person\\\/233d95ef4c9d160d89688eea81ecf1c2\",\"name\":\"Uwe\",\"logo\":{\"@id\":\"https:\\\/\\\/disco-uwe.de\\\/site\\\/#\\\/schema\\\/person\\\/image\\\/\"},\"description\":\"DJ seit 1996\",\"sameAs\":[\"https:\\\/\\\/www.disco-uwe.de\"]}]}<\/script>\n<!-- \/ Yoast SEO plugin. -->","yoast_head_json":{"title":"Impressum - Disco Uwe","robots":{"index":"index","follow":"follow","max-snippet":"max-snippet:-1","max-image-preview":"max-image-preview:large","max-video-preview":"max-video-preview:-1"},"canonical":"https:\/\/disco-uwe.de\/site\/impressum\/","og_locale":"de_DE","og_type":"article","og_title":"Impressum - Disco Uwe","og_description":"Urheberrechtshinweise Die Inhalte und Programme dieser Website sind durch uns urheberrechtlich gesch\u00fctzt. Alle Rechte daran behalten wir uns vor. Teile dieser Website k\u00f6nnen Bilder, Texte oder Sounds beinhalten, die dem Urheberrecht Dritter unterliegen. Die Urheberrechtshinweise in diesen F\u00e4llen sind an entsprechenden Stellen vermerkt. Sollten entsprechende Hinweise fehlen, bitten wir um Benachrichtigung, um eine Nachbesserung zu ... Read More &raquo;","og_url":"https:\/\/disco-uwe.de\/site\/impressum\/","og_site_name":"Disco Uwe","article_modified_time":"2018-10-03T11:01:04+00:00","twitter_card":"summary_large_image","twitter_misc":{"Gesch\u00e4tzte Lesezeit":"1\u00a0Minute"},"schema":{"@context":"https:\/\/schema.org","@graph":[{"@type":"WebPage","@id":"https:\/\/disco-uwe.de\/site\/impressum\/","url":"https:\/\/disco-uwe.de\/site\/impressum\/","name":"Impressum - Disco Uwe","isPartOf":{"@id":"https:\/\/disco-uwe.de\/site\/#website"},"datePublished":"2018-01-20T18:54:33+00:00","dateModified":"2018-10-03T11:01:04+00:00","breadcrumb":{"@id":"https:\/\/disco-uwe.de\/site\/impressum\/#breadcrumb"},"inLanguage":"de","potentialAction":[{"@type":"ReadAction","target":["https:\/\/disco-uwe.de\/site\/impressum\/"]}]},{"@type":"BreadcrumbList","@id":"https:\/\/disco-uwe.de\/site\/impressum\/#breadcrumb","itemListElement":[{"@type":"ListItem","position":1,"name":"Startseite","item":"https:\/\/disco-uwe.de\/site\/"},{"@type":"ListItem","position":2,"name":"Impressum"}]},{"@type":"WebSite","@id":"https:\/\/disco-uwe.de\/site\/#website","url":"https:\/\/disco-uwe.de\/site\/","name":"Disco Uwe","description":"Der Party-DJ f\u00fcr Ihr Event!","publisher":{"@id":"https:\/\/disco-uwe.de\/site\/#\/schema\/person\/233d95ef4c9d160d89688eea81ecf1c2"},"potentialAction":[{"@type":"SearchAction","target":{"@type":"EntryPoint","urlTemplate":"https:\/\/disco-uwe.de\/site\/?s={search_term_string}"},"query-input":{"@type":"PropertyValueSpecification","valueRequired":true,"valueName":"search_term_string"}}],"inLanguage":"de"},{"@type":["Person","Organization"],"@id":"https:\/\/disco-uwe.de\/site\/#\/schema\/person\/233d95ef4c9d160d89688eea81ecf1c2","name":"Uwe","logo":{"@id":"https:\/\/disco-uwe.de\/site\/#\/schema\/person\/image\/"},"description":"DJ seit 1996","sameAs":["https:\/\/www.disco-uwe.de"]}]}},"_links":{"self":[{"href":"https:\/\/disco-uwe.de\/site\/wp-json\/wp\/v2\/pages\/197","targetHints":{"allow":["GET"]}}],"collection":[{"href":"https:\/\/disco-uwe.de\/site\/wp-json\/wp\/v2\/pages"}],"about":[{"href":"https:\/\/disco-uwe.de\/site\/wp-json\/wp\/v2\/types\/page"}],"author":[{"embeddable":true,"href":"https:\/\/disco-uwe.de\/site\/wp-json\/wp\/v2\/users\/2"}],"replies":[{"embeddable":true,"href":"https:\/\/disco-uwe.de\/site\/wp-json\/wp\/v2\/comments?post=197"}],"version-history":[{"count":14,"href":"https:\/\/disco-uwe.de\/site\/wp-json\/wp\/v2\/pages\/197\/revisions"}],"predecessor-version":[{"id":411,"href":"https:\/\/disco-uwe.de\/site\/wp-json\/wp\/v2\/pages\/197\/revisions\/411"}],"wp:attachment":[{"href":"https:\/\/disco-uwe.de\/site\/wp-json\/wp\/v2\/media?parent=197"}],"curies":[{"name":"wp","href":"https:\/\/api.w.org\/{rel}","templated":true}]}}